{"id":10,"date":"2024-02-08T11:43:36","date_gmt":"2024-02-08T10:43:36","guid":{"rendered":"https:\/\/frombox.be\/?page_id=10"},"modified":"2024-05-01T12:28:26","modified_gmt":"2024-05-01T10:28:26","slug":"formule-prix","status":"publish","type":"page","link":"https:\/\/frombox.be\/index.php\/formule-prix\/","title":{"rendered":"Notre Histoire"},"content":{"rendered":"\t\t<div data-elementor-type=\"wp-page\" data-elementor-id=\"10\" class=\"elementor elementor-10\">\n\t\t\t\t<div class=\"elementor-element elementor-element-cefe01d e-flex e-con-boxed e-con e-parent\" data-id=\"cefe01d\" data-element_type=\"container\">\n\t\t\t\t\t<div class=\"e-con-inner\">\n\t\t<div class=\"elementor-element elementor-element-e90c856 e-con-full e-flex e-con e-child\" data-id=\"e90c856\" data-element_type=\"container\">\n\t\t\t\t<div class=\"elementor-element elementor-element-59ee3ed elementor-widget__width-inherit elementor-hidden-tablet elementor-hidden-mobile elementor-widget elementor-widget-image\" data-id=\"59ee3ed\" data-element_type=\"widget\" data-widget_type=\"image.default\">\n\t\t\t\t<div class=\"elementor-widget-container\">\n\t\t\t<style>\/*! elementor - v3.21.0 - 18-04-2024 *\/\n.elementor-widget-image{text-align:center}.elementor-widget-image a{display:inline-block}.elementor-widget-image a img[src$=\".svg\"]{width:48px}.elementor-widget-image img{vertical-align:middle;display:inline-block}<\/style>\t\t\t\t\t\t\t\t\t\t<img fetchpriority=\"high\" decoding=\"async\" width=\"768\" height=\"1024\" src=\"https:\/\/frombox.be\/wp-content\/uploads\/2024\/03\/Tezza-0892-768x1024.jpeg\" class=\"attachment-medium_large size-medium_large wp-image-448\" alt=\"\" srcset=\"https:\/\/frombox.be\/wp-content\/uploads\/2024\/03\/Tezza-0892-768x1024.jpeg 768w, https:\/\/frombox.be\/wp-content\/uploads\/2024\/03\/Tezza-0892-225x300.jpeg 225w, https:\/\/frombox.be\/wp-content\/uploads\/2024\/03\/Tezza-0892-1152x1536.jpeg 1152w, https:\/\/frombox.be\/wp-content\/uploads\/2024\/03\/Tezza-0892.jpeg 1200w\" sizes=\"(max-width: 768px) 100vw, 768px\" \/>\t\t\t\t\t\t\t\t\t\t\t\t\t<\/div>\n\t\t\t\t<\/div>\n\t\t\t\t<\/div>\n\t\t<div class=\"elementor-element elementor-element-337f336 e-con-full e-flex e-con e-child\" data-id=\"337f336\" data-element_type=\"container\">\n\t\t\t\t<div class=\"elementor-element elementor-element-907dade elementor-widget elementor-widget-heading\" data-id=\"907dade\" data-element_type=\"widget\" data-widget_type=\"heading.default\">\n\t\t\t\t<div class=\"elementor-widget-container\">\n\t\t\t<style>\/*! elementor - v3.21.0 - 18-04-2024 *\/\n.elementor-heading-title{padding:0;margin:0;line-height:1}.elementor-widget-heading .elementor-heading-title[class*=elementor-size-]>a{color:inherit;font-size:inherit;line-height:inherit}.elementor-widget-heading .elementor-heading-title.elementor-size-small{font-size:15px}.elementor-widget-heading .elementor-heading-title.elementor-size-medium{font-size:19px}.elementor-widget-heading .elementor-heading-title.elementor-size-large{font-size:29px}.elementor-widget-heading .elementor-heading-title.elementor-size-xl{font-size:39px}.elementor-widget-heading .elementor-heading-title.elementor-size-xxl{font-size:59px}<\/style><h2 class=\"elementor-heading-title elementor-size-default\">Hello! Moi, c'est Charles, le fondateur de FromBox<\/h2>\t\t<\/div>\n\t\t\t\t<\/div>\n\t\t\t\t<div class=\"elementor-element elementor-element-8eb2859 elementor-widget elementor-widget-text-editor\" data-id=\"8eb2859\" data-element_type=\"widget\" data-widget_type=\"text-editor.default\">\n\t\t\t\t<div class=\"elementor-widget-container\">\n\t\t\t<style>\/*! elementor - v3.21.0 - 18-04-2024 *\/\n.elementor-widget-text-editor.elementor-drop-cap-view-stacked .elementor-drop-cap{background-color:#69727d;color:#fff}.elementor-widget-text-editor.elementor-drop-cap-view-framed .elementor-drop-cap{color:#69727d;border:3px solid;background-color:transparent}.elementor-widget-text-editor:not(.elementor-drop-cap-view-default) .elementor-drop-cap{margin-top:8px}.elementor-widget-text-editor:not(.elementor-drop-cap-view-default) .elementor-drop-cap-letter{width:1em;height:1em}.elementor-widget-text-editor .elementor-drop-cap{float:left;text-align:center;line-height:1;font-size:50px}.elementor-widget-text-editor .elementor-drop-cap-letter{display:inline-block}<\/style>\t\t\t\t<p class=\"p1\" style=\"text-align: center;\">Mon aventure a commenc\u00e9 loin d&#8217;ici, \u00e0 Baltimore, o\u00f9 j&#8217;ai d\u00e9couvert une id\u00e9e simple mais r\u00e9volutionnaire : &#8220;Et si d\u00e9m\u00e9nager pouvait \u00eatre \u00e0 la fois plus facile, moins cher et bon pour la plan\u00e8te ?&#8221; De retour en Belgique, j&#8217;ai transform\u00e9 cette question en mission : cr\u00e9er FromBox, une entreprise qui r\u00e9invente le d\u00e9m\u00e9nagement.<\/p><p class=\"p1\" style=\"text-align: center;\">FromBox, c&#8217;est le fruit de ma passion pour l&#8217;innovation et ma conviction profonde qu&#8217;il est possible de d\u00e9m\u00e9nager de mani\u00e8re plus pratique, s\u00fbre, et respectueuse de l&#8217;environnement. Nos clients l&#8217;ont v\u00e9cu et leurs retours enthousiastes confirment que FromBox simplifie la vie. Nos bo\u00eetes robustes, le service de livraison et collecte, et notre syst\u00e8me de code couleur facilitent chaque \u00e9tape de votre d\u00e9m\u00e9nagement.<\/p>\t\t\t\t\t\t<\/div>\n\t\t\t\t<\/div>\n\t\t\t\t<\/div>\n\t\t\t\t\t<\/div>\n\t\t\t\t<\/div>\n\t\t<div class=\"elementor-element elementor-element-096ba5b e-flex e-con-boxed e-con e-parent\" data-id=\"096ba5b\" data-element_type=\"container\">\n\t\t\t\t\t<div class=\"e-con-inner\">\n\t\t\t\t\t<\/div>\n\t\t\t\t<\/div>\n\t\t\t\t<\/div>\n\t\t","protected":false},"excerpt":{"rendered":"<p>Hello! Moi, c&#8217;est Charles, le fondateur de FromBox Mon aventure a commenc\u00e9 loin d&#8217;ici, \u00e0 Baltimore, o\u00f9 j&#8217;ai d\u00e9couvert une [&hellip;]<\/p>\n","protected":false},"author":1,"featured_media":0,"parent":0,"menu_order":0,"comment_status":"closed","ping_status":"closed","template":"","meta":{"site-sidebar-layout":"no-sidebar","site-content-layout":"","ast-site-content-layout":"full-width-container","site-content-style":"default","site-sidebar-style":"default","ast-global-header-display":"","ast-banner-title-visibility":"","ast-main-header-display":"","ast-hfb-above-header-display":"","ast-hfb-below-header-display":"","ast-hfb-mobile-header-display":"","site-post-title":"disabled","ast-breadcrumbs-content":"","ast-featured-img":"","footer-sml-layout":"","theme-transparent-header-meta":"","adv-header-id-meta":"","stick-header-meta":"","header-above-stick-meta":"","header-main-stick-meta":"","header-below-stick-meta":"","astra-migrate-meta-layouts":"default","ast-page-background-enabled":"default","ast-page-background-meta":{"desktop":{"background-color":"var(--ast-global-color-4)","background-image":"","background-repeat":"repeat","background-position":"center center","background-size":"auto","background-attachment":"scroll","background-type":"","background-media":"","overlay-type":"","overlay-color":"","overlay-gradient":""},"tablet":{"background-color":"","background-image":"","background-repeat":"repeat","background-position":"center center","background-size":"auto","background-attachment":"scroll","background-type":"","background-media":"","overlay-type":"","overlay-color":"","overlay-gradient":""},"mobile":{"background-color":"","background-image":"","background-repeat":"repeat","background-position":"center center","background-size":"auto","background-attachment":"scroll","background-type":"","background-media":"","overlay-type":"","overlay-color":"","overlay-gradient":""}},"ast-content-background-meta":{"desktop":{"background-color":"var(--ast-global-color-5)","background-image":"","background-repeat":"repeat","background-position":"center center","background-size":"auto","background-attachment":"scroll","background-type":"","background-media":"","overlay-type":"","overlay-color":"","overlay-gradient":""},"tablet":{"background-color":"var(--ast-global-color-5)","background-image":"","background-repeat":"repeat","background-position":"center center","background-size":"auto","background-attachment":"scroll","background-type":"","background-media":"","overlay-type":"","overlay-color":"","overlay-gradient":""},"mobile":{"background-color":"var(--ast-global-color-5)","background-image":"","background-repeat":"repeat","background-position":"center center","background-size":"auto","background-attachment":"scroll","background-type":"","background-media":"","overlay-type":"","overlay-color":"","overlay-gradient":""}},"footnotes":""},"class_list":["post-10","page","type-page","status-publish","hentry"],"yoast_head":"<!-- This site is optimized with the Yoast SEO plugin v22.5 - https:\/\/yoast.com\/wordpress\/plugins\/seo\/ -->\n<title>Notre Histoire - FromBox<\/title>\n<meta name=\"robots\" content=\"index, follow, max-snippet:-1, max-image-preview:large, max-video-preview:-1\" \/>\n<link rel=\"canonical\" href=\"https:\/\/frombox.be\/index.php\/formule-prix\/\" \/>\n<meta property=\"og:locale\" content=\"fr_FR\" \/>\n<meta property=\"og:type\" content=\"article\" \/>\n<meta property=\"og:title\" content=\"Notre Histoire - FromBox\" \/>\n<meta property=\"og:description\" content=\"Hello! Moi, c&#8217;est Charles, le fondateur de FromBox Mon aventure a commenc\u00e9 loin d&#8217;ici, \u00e0 Baltimore, o\u00f9 j&#8217;ai d\u00e9couvert une [&hellip;]\" \/>\n<meta property=\"og:url\" content=\"https:\/\/frombox.be\/index.php\/formule-prix\/\" \/>\n<meta property=\"og:site_name\" content=\"FromBox\" \/>\n<meta property=\"article:modified_time\" content=\"2024-05-01T10:28:26+00:00\" \/>\n<meta property=\"og:image\" content=\"https:\/\/frombox.be\/wp-content\/uploads\/2024\/03\/Tezza-0892-768x1024.jpeg\" \/>\n<meta name=\"twitter:card\" content=\"summary_large_image\" \/>\n<meta name=\"twitter:label1\" content=\"Dur\u00e9e de lecture estim\u00e9e\" \/>\n\t<meta name=\"twitter:data1\" content=\"1 minute\" \/>\n<script type=\"application\/ld+json\" class=\"yoast-schema-graph\">{\"@context\":\"https:\/\/schema.org\",\"@graph\":[{\"@type\":\"WebPage\",\"@id\":\"https:\/\/frombox.be\/index.php\/formule-prix\/\",\"url\":\"https:\/\/frombox.be\/index.php\/formule-prix\/\",\"name\":\"Notre Histoire - FromBox\",\"isPartOf\":{\"@id\":\"https:\/\/frombox.be\/#website\"},\"primaryImageOfPage\":{\"@id\":\"https:\/\/frombox.be\/index.php\/formule-prix\/#primaryimage\"},\"image\":{\"@id\":\"https:\/\/frombox.be\/index.php\/formule-prix\/#primaryimage\"},\"thumbnailUrl\":\"https:\/\/frombox.be\/wp-content\/uploads\/2024\/03\/Tezza-0892-768x1024.jpeg\",\"datePublished\":\"2024-02-08T10:43:36+00:00\",\"dateModified\":\"2024-05-01T10:28:26+00:00\",\"breadcrumb\":{\"@id\":\"https:\/\/frombox.be\/index.php\/formule-prix\/#breadcrumb\"},\"inLanguage\":\"fr-FR\",\"potentialAction\":[{\"@type\":\"ReadAction\",\"target\":[\"https:\/\/frombox.be\/index.php\/formule-prix\/\"]}]},{\"@type\":\"ImageObject\",\"inLanguage\":\"fr-FR\",\"@id\":\"https:\/\/frombox.be\/index.php\/formule-prix\/#primaryimage\",\"url\":\"https:\/\/frombox.be\/wp-content\/uploads\/2024\/03\/Tezza-0892.jpeg\",\"contentUrl\":\"https:\/\/frombox.be\/wp-content\/uploads\/2024\/03\/Tezza-0892.jpeg\",\"width\":1200,\"height\":1600},{\"@type\":\"BreadcrumbList\",\"@id\":\"https:\/\/frombox.be\/index.php\/formule-prix\/#breadcrumb\",\"itemListElement\":[{\"@type\":\"ListItem\",\"position\":1,\"name\":\"Accueil\",\"item\":\"https:\/\/frombox.be\/\"},{\"@type\":\"ListItem\",\"position\":2,\"name\":\"Notre Histoire\"}]},{\"@type\":\"WebSite\",\"@id\":\"https:\/\/frombox.be\/#website\",\"url\":\"https:\/\/frombox.be\/\",\"name\":\"FromBox\",\"description\":\"\",\"publisher\":{\"@id\":\"https:\/\/frombox.be\/#organization\"},\"potentialAction\":[{\"@type\":\"SearchAction\",\"target\":{\"@type\":\"EntryPoint\",\"urlTemplate\":\"https:\/\/frombox.be\/?s={search_term_string}\"},\"query-input\":\"required name=search_term_string\"}],\"inLanguage\":\"fr-FR\"},{\"@type\":\"Organization\",\"@id\":\"https:\/\/frombox.be\/#organization\",\"name\":\"FromBox\",\"url\":\"https:\/\/frombox.be\/\",\"logo\":{\"@type\":\"ImageObject\",\"inLanguage\":\"fr-FR\",\"@id\":\"https:\/\/frombox.be\/#\/schema\/logo\/image\/\",\"url\":\"https:\/\/frombox.be\/wp-content\/uploads\/2024\/02\/cropped-Frombox-Profile-Picture-FB-1-1.png\",\"contentUrl\":\"https:\/\/frombox.be\/wp-content\/uploads\/2024\/02\/cropped-Frombox-Profile-Picture-FB-1-1.png\",\"width\":512,\"height\":512,\"caption\":\"FromBox\"},\"image\":{\"@id\":\"https:\/\/frombox.be\/#\/schema\/logo\/image\/\"}}]}<\/script>\n<!-- \/ Yoast SEO plugin. -->","yoast_head_json":{"title":"Notre Histoire - FromBox","robots":{"index":"index","follow":"follow","max-snippet":"max-snippet:-1","max-image-preview":"max-image-preview:large","max-video-preview":"max-video-preview:-1"},"canonical":"https:\/\/frombox.be\/index.php\/formule-prix\/","og_locale":"fr_FR","og_type":"article","og_title":"Notre Histoire - FromBox","og_description":"Hello! Moi, c&#8217;est Charles, le fondateur de FromBox Mon aventure a commenc\u00e9 loin d&#8217;ici, \u00e0 Baltimore, o\u00f9 j&#8217;ai d\u00e9couvert une [&hellip;]","og_url":"https:\/\/frombox.be\/index.php\/formule-prix\/","og_site_name":"FromBox","article_modified_time":"2024-05-01T10:28:26+00:00","og_image":[{"url":"https:\/\/frombox.be\/wp-content\/uploads\/2024\/03\/Tezza-0892-768x1024.jpeg"}],"twitter_card":"summary_large_image","twitter_misc":{"Dur\u00e9e de lecture estim\u00e9e":"1 minute"},"schema":{"@context":"https:\/\/schema.org","@graph":[{"@type":"WebPage","@id":"https:\/\/frombox.be\/index.php\/formule-prix\/","url":"https:\/\/frombox.be\/index.php\/formule-prix\/","name":"Notre Histoire - FromBox","isPartOf":{"@id":"https:\/\/frombox.be\/#website"},"primaryImageOfPage":{"@id":"https:\/\/frombox.be\/index.php\/formule-prix\/#primaryimage"},"image":{"@id":"https:\/\/frombox.be\/index.php\/formule-prix\/#primaryimage"},"thumbnailUrl":"https:\/\/frombox.be\/wp-content\/uploads\/2024\/03\/Tezza-0892-768x1024.jpeg","datePublished":"2024-02-08T10:43:36+00:00","dateModified":"2024-05-01T10:28:26+00:00","breadcrumb":{"@id":"https:\/\/frombox.be\/index.php\/formule-prix\/#breadcrumb"},"inLanguage":"fr-FR","potentialAction":[{"@type":"ReadAction","target":["https:\/\/frombox.be\/index.php\/formule-prix\/"]}]},{"@type":"ImageObject","inLanguage":"fr-FR","@id":"https:\/\/frombox.be\/index.php\/formule-prix\/#primaryimage","url":"https:\/\/frombox.be\/wp-content\/uploads\/2024\/03\/Tezza-0892.jpeg","contentUrl":"https:\/\/frombox.be\/wp-content\/uploads\/2024\/03\/Tezza-0892.jpeg","width":1200,"height":1600},{"@type":"BreadcrumbList","@id":"https:\/\/frombox.be\/index.php\/formule-prix\/#breadcrumb","itemListElement":[{"@type":"ListItem","position":1,"name":"Accueil","item":"https:\/\/frombox.be\/"},{"@type":"ListItem","position":2,"name":"Notre Histoire"}]},{"@type":"WebSite","@id":"https:\/\/frombox.be\/#website","url":"https:\/\/frombox.be\/","name":"FromBox","description":"","publisher":{"@id":"https:\/\/frombox.be\/#organization"},"potentialAction":[{"@type":"SearchAction","target":{"@type":"EntryPoint","urlTemplate":"https:\/\/frombox.be\/?s={search_term_string}"},"query-input":"required name=search_term_string"}],"inLanguage":"fr-FR"},{"@type":"Organization","@id":"https:\/\/frombox.be\/#organization","name":"FromBox","url":"https:\/\/frombox.be\/","logo":{"@type":"ImageObject","inLanguage":"fr-FR","@id":"https:\/\/frombox.be\/#\/schema\/logo\/image\/","url":"https:\/\/frombox.be\/wp-content\/uploads\/2024\/02\/cropped-Frombox-Profile-Picture-FB-1-1.png","contentUrl":"https:\/\/frombox.be\/wp-content\/uploads\/2024\/02\/cropped-Frombox-Profile-Picture-FB-1-1.png","width":512,"height":512,"caption":"FromBox"},"image":{"@id":"https:\/\/frombox.be\/#\/schema\/logo\/image\/"}}]}},"_links":{"self":[{"href":"https:\/\/frombox.be\/index.php\/wp-json\/wp\/v2\/pages\/10","targetHints":{"allow":["GET"]}}],"collection":[{"href":"https:\/\/frombox.be\/index.php\/wp-json\/wp\/v2\/pages"}],"about":[{"href":"https:\/\/frombox.be\/index.php\/wp-json\/wp\/v2\/types\/page"}],"author":[{"embeddable":true,"href":"https:\/\/frombox.be\/index.php\/wp-json\/wp\/v2\/users\/1"}],"replies":[{"embeddable":true,"href":"https:\/\/frombox.be\/index.php\/wp-json\/wp\/v2\/comments?post=10"}],"version-history":[{"count":63,"href":"https:\/\/frombox.be\/index.php\/wp-json\/wp\/v2\/pages\/10\/revisions"}],"predecessor-version":[{"id":928,"href":"https:\/\/frombox.be\/index.php\/wp-json\/wp\/v2\/pages\/10\/revisions\/928"}],"wp:attachment":[{"href":"https:\/\/frombox.be\/index.php\/wp-json\/wp\/v2\/media?parent=10"}],"curies":[{"name":"wp","href":"https:\/\/api.w.org\/{rel}","templated":true}]}}